68*d + 89420. Calculate z(-191).
32
Let w(v) = 2*v**2 - 1254*v - 15341. Give w(-12).
-5
Let u(b) = b**3 - 122*b**2 + 992*b + 1532. Determine u(113).
-1293
Let u(l) = l**3 + 9*l**2 + 954*l + 3780. What is u(-4)?
44
Let u(w) = 3*w**3 + 4*w**2 - 5481*w + 21913. Determine u(4).
245
Let c(j) = 4191*j + 4238. Calculate c(-1).
47
Let q(x) = x**3 - 67*x**2 + 937*x + 6609. Determine q(37).
208
Let c(u) = 5437*u + 32494. What is c(-6)?
-128
Let p(v) = 5*v**2 + 113*v - 71. Calculate p(6).
787
Let m(o) = -588*o + 27716. Calculate m(47).
80
Let y(m) = -3*m**3 + 73*m**2 + 1400*m - 41. Give y(37).
-263
Let w(u) = -6*u**3 + 150*u**2 - 227*u - 1148. Give w(23).
-21
Let g(q) = -509*q + 13756. What is g(27)?
13
Let t(x) = x**2 + 798*x + 75971. What is t(-108)?
1451
Let t(u) = 576*u - 770. What is t(1)?
-194
Let m(c) = -1211*c**2 + 2452*c - 26. What is m(2)?
34
Let d(v) = 5769*v - 97743. Calculate d(17).
330
Let d(s) = 2*s**3 - 83*s**2 + 188*s - 5911. What is d(41)?
116
Let d(i) = 8*i**2 + 938*i + 20942. Give d(-30).
2
Let p(v) = 10913*v + 54538. Calculate p(-5).
-27
Let y(l) = 2*l**2 + 1511*l + 206050. Calculate y(-577).
61
Let s(b) = 29147*b - 116603. Determine s(4).
-15
Let g(z) = 25*z**2 + 16637*z + 90439. Determine g(-660).
19
Let b(o) = 102*o**3 - 6628*o**2 - 129*o - 117. What is b(65)?
-52
Let p(w) = -w**2 + 6463*w - 49. Calculate p(0).
-49
Let x(y) = -117*y**2 + 3417*y + 391. Give x(29).
1087
Let f(v) = -2*v**3 - 96*v**2 - 335*v + 758. Calculate f(-44).
10
Let u(m) = 131*m**2 + 5353*m + 40093. Determine u(-31).
41
Let z(o) = -7*o**2 - 527*o - 717. What is z(-76)?
-1097
Let o(y) = 3*y**3 - 202*y**2 + 268*y - 609. Determine o(66).
-345
Let d(m) = -10300*m - 72137. What is d(-7)?
-37
Let p(o) = -2*o**2 + 12823*o - 1878467. What is p(150)?
-17
Let b(f) = -362*f + 21207. Calculate b(58).
211
Let a(x) = 364*x + 10432. Give a(-28).
240
Let v(m) = 6586*m - 342469. Give v(52).
3
Let o(d) = -3*d**2 + 192*d - 1968. Determine o(12).
-96
Let w(u) = 6*u**3 - 5873*u**2 - 5872*u + 1. Calculate w(-1).
-6
Let o(c) = 6*c**2 - 897*c + 24332. What is o(36)?
-184
Let v(q) = -16*q**2 + 22481*q - 112447. What is v(5)?
-442
Let l(c) = 4*c**3 - 91*c**2 + 8*c + 5589. Determine l(11).
-10
Let m(w) = 19*w**3 - 2067*w**2 - 30620*w - 254. What is m(122)?
-10
Let k(t) = -549*t + 40076. Determine k(73).
-1
Let b(t) = 9*t**2 + 26260*t + 131127. Determine b(-5).
52
Let h(y) = 29*y**2 + 311*y + 516. Calculate h(-8).
-116
Let h(v) = -v**3 + 25*v**2 + 138*v - 50. Give h(-6).
238
Let l(p) = 2*p**3 - 293*p**2 + 1278*p - 49. Calculate l(142).
-49
Let j(h) = h**3 - 51*h**2 - 102*h + 1380. Give j(51).
-3822
Let y(x) = 5723*x + 303317. Determine y(-53).
-2
Let x(o) = 7572*o + 30183. Give x(-4).
-105
Let s(r) = 2*r**3 + 19*r**2 - 212*r - 22. Calculate s(-16).
42
Let v(u) = u**3 - u**2 + 31*u + 1367. Determine v(0).
1367
Let d(w) = -w**2 + 117510*w - 6. Determine d(0).
-6
Let g(d) = -d**2 - 64*d + 1377264. Calculate g(-1206).
12
Let u(r) = 4617*r + 74148. Determine u(-16).
276
Let v(o) = -411568*o - 100. Give v(0).
-100
Let a(k) = -237*k + 3036. Calculate a(10).
666
Let n(i) = -23*i**2 + 515*i + 3345. Calculate n(-7).
-1387
Let n(x) = 3*x**3 + 5*x**2 - 7840*x - 15689. What is n(-2)?
-13
Let t(b) = 22*b**2 - 6755*b - 261. Give t(307).
-568
Let d(t) = -724*t + 13091. Give d(18).
59
Let c(z) = 230*z**2 - 12430*z + 533. Give c(54).
-7
Let o(l) = -2*l**2 - 520*l - 33701. Calculate o(-122).
-29
Let b(h) = -8480*h + 9728. Calculate b(1).
1248
Let k(z) = 1074096*z + 4296387. Calculate k(-4).
3
Let x(c) = -10992*c - 263808. Determine x(-24).
0
Let u(c) = -61*c**2 - 926*c + 976. Give u(1).
-11
Let g(c) = -2*c**2 + 6397*c - 31998. Calculate g(5).
-63
Let u(l) = -l**3 + 7*l**2 + 88*l - 342. What is u(12)?
-6
Let g(q) = -47*q**3 + 1259*q**2 - 962*q - 18. Give g(26).
-18
Let k(q) = q**3 + 110*q**2 - 224*q - 18. Determine k(-112).
-18
Let m(z) = 24*z**3 + 538*z**2 + 223*z - 53. What is m(-22)?
-119
Let w(n) = -12479*n + 50721. Determine w(4).
805
Let s(d) = -d**2 + 4788*d - 14345. What is s(3)?
10
Let h(o) = -9*o**2 + 110*o + 91659. Calculate h(-95).
-16
Let k(q) = 167*q**2 + 6846*q - 43. Calculate k(-41).
-2
Let x(q) = -2*q**3 + 316*q**2 + 6748*q - 5. What is x(-19)?
-423
Let s(t) = -5487*t + 2249683. Calculate s(410).
13
Let d(y) = 108*y**2 - 318*y - 928. Calculate d(-3).
998
Let p(c) = 25*c**2 - 122*c + 155. Determine p(-6).
1787
Let x(u) = -128*u - 11731. Calculate x(-98).
813
Let m(p) = -p**2 + 4154*p + 1321951. Give m(-297).
4
Let x(c) = c**2 - 11687*c - 128452. Give x(-11).
226
Let v(b) = 1425*b + 266299. What is v(-187)?
-176
Let b(n) = 3*n**2 + 928*n - 77314. Give b(-378).
554
Let s(o) = -o**2 + 300*o - 4559. What is s(287)?
-828
Let h(t) = -29998*t + 2789832. Calculate h(93).
18
Let c(r) = -209*r - 27006. What is c(-129)?
-45
Let x(t) = 14*t**2 + 383*t + 1011. Calculate x(-3).
-12
Let m(r) = 3*r**3 - 26*r**2 - 306*r - 654. Give m(-3).
-51
Let a(k) = -23*k + 1021. What is a(33)?
262
Let i(d) = -d**2 + 8067*d + 40353. Determine i(-5).
-7
Let w(i) = 4005*i + 7240. What is w(-2)?
-770
Let x(o) = 505*o - 94263. Determine x(187).
172
Let b(l) = -8*l**3 + 735*l**2 + 13935*l - 321. What is b(108)?
3
Let b(g) = g**3 - 17*g**2 - 250*g + 3715. Give b(17).
-535
Let r(u) = 9*u**2 - 406*u - 139. Give r(48).
1109
Let l(o) = 57*o**2 + 27*o + 65. Give l(-4).
869
Let v(s) = s**3 + 14*s**2 + 377840*s + 5289765. Give v(-14).
5
Let s(z) = z**3 - 104*z**2 - 230*z + 986. Determine s(106).
-922
Let y(o) = 800*o + 5595. Calculate y(-7).
-5
Let b(z) = -2853*z + 82202. Determine b(27).
5171
Let n(f) = f**3 + 364*f**2 + 359*f - 1476. Calculate n(-363).
-24
Let r(t) = -7498*t**2 - 232440*t - 57. Calculate r(-31).
5
Let n(a) = a**3 + 13*a**2 - 315*a - 149. What is n(13)?
150
Let k(n) = n**2 - 1128*n - 58900. Give k(-50).
0
Let i(w) = -3*w**2 - 80*w - 2076. Calculate i(0).
-2076
Let o(h) = -h**2 - 37*h + 3986. Determine o(-81).
422
Let x(r) = 7412*r + 88717. Give x(-12).
-227
Let g(l) = -l**3 - 56*l**2 - 782*l - 245. What is g(-31)?
-28
Let y(t) = 5*t**2 - 634*t + 5452. What is y(9)?
151
Let b(p) = 2*p**2 + 2127*p + 31525. Calculate b(-15).
70
Let n(m) = 16*m**2 - 377*m + 146. Determine n(23).
-61
Let o(u) = 2187*u + 20751. Give o(-9).
1068
Let t(l) = 8667*l - 42797. Calculate t(5).
538
Let j(k) = -k**3 - 57*k**2 - 623*k + 372. Determine j(-42).
78
Let o(f) = 562*f**2 - 3342*f - 35. What is o(6)?
145
Let h(t) = t**3 + 122*t**2 + 663*t - 212. Give h(-6).
-14
Let r(i) = i**2 - 907*i - 64579. Give r(-66).
-361
Let s(b) = -3*b**3 - 360*b**2 - 358*b + 144. Determine s(-119).
263
Let f(i) = 47207*i + 5664840. Calculate f(-120).
0
Let i(j) = j**2 - 146*j - 15412. Calculate i(217).
-5
Let r(d) = 110*d - 5685. Determine r(64).
1355
Let o(z) = -452*z + 8584. Determine o(19).
-4
Let q(x) = 1847*x**2 + 9441*x + 1025. Give q(-5).
-5
Let u(n) = n**3 - 29*n**2 + 21689*n - 674283. What is u(31)?
-2
Let r(f) = -6*f**2 + 114*f - 477. Calculate r(6).
-9
Let s(d) = -d**3 - 24*d**2 - 290*d - 6949. Calculate s(-24).
11
Let q(d) = 34*d**3 + 6120*d**2 + 3*d + 752. Give q(-180).
212
Let c(h) = h**2 - 9*h - 15214. Determine c(128).
18
Let f(q) = q**3 - 19*q**2 + 75*q + 36. Determine f(8).
-68
Let s(y) = -3*y**3 - 35*y**2 - 362*y - 1420. Determine s(-7).
428
Let x(n) = -43*n**2 - 94*n + 905. Determine x(8).
-2599
Let k(x) = 752*x + 34600. What is k(-46)?
8
Let l(s) = -s**3 - 57*s**2 - 314*s - 5340. Give l(-53).
66
Let f(v) = -471*v**2 + 11392*v - 2079. Determine f(24).
33
Let v(h) = -1569*h - 597770. Determine v(-381).
19
Let j(f) = -902*f**3 - 308*f**2 - 307*f. Give j(-1).
901
Let k(u) = 270135*u - 1620797. Give k(6).
13
Let j(a) = 10*a**2 + 1207*a - 74. What is j(0)?
-74
Let s(t) = t**3 + 201*t**2 + 177*t - 4579. Give s(-200).
21
Let h(o) = 134*o - 10877. Calculate h(80).
-157
Let h(f) = f**3 - 439*f - 5. Calculate h(21).
37
Let o(f) = -114*f + 4900. Give o(64).
-2396
Let b(t) = 3735*t + 172368. Determine b(-46).
558
Let j(c) = 15652*c + 211. What is j(0)?
211
Let z(b) = -2*b**3 + 802*b**2 - 30151*b - 205. Determine z(42).
5
Let f(p) = -51*p**3 + 556*p**2 + 109*p - 856. Give f(11).
-262
Let v(b) = 30462*b**2 + 274153*b - 43. Calculate v(-9).
2
Let m(x) = -2*x**3 - 576*x**2 - 12184*x + 1593. What is m(-265)?
3
Let d(h) = 7*h**2 + 288*h + 400. What is d(-40